{"id":481,"date":"2015-03-19T09:17:48","date_gmt":"2015-03-19T09:17:48","guid":{"rendered":"http:\/\/www.armonymobilya.com\/?page_id=481"},"modified":"2015-03-19T09:19:26","modified_gmt":"2015-03-19T09:19:26","slug":"misyonumuz","status":"publish","type":"page","link":"https:\/\/www.armonymobilya.com\/?page_id=481","title":{"rendered":"Misyonumuz"},"content":{"rendered":"<p><em>Bilgimizi yapt\u0131\u011f\u0131m\u0131z i\u015flere aktararak kaliteli \u00fcr\u00fcnler sunmak, zevk ve ihtiya\u00e7lar\u0131n\u0131z do\u011frultusunda pratik, ergonomik ve fonksiyonel \u00e7\u00f6z\u00fcmler \u00fcretmek, sizlere en do\u011fru hizmeti vermek.<\/em><\/p>\n","protected":false},"excerpt":{"rendered":"<p>Bilgimizi yapt\u0131\u011f\u0131m\u0131z i\u015flere aktararak kaliteli \u00fcr\u00fcnler sunmak, zevk ve ihtiya\u00e7lar\u0131n\u0131z do\u011frultusunda pratik, ergonomik ve fonksiyonel \u00e7\u00f6z\u00fcmler \u00fcretmek, sizlere en do\u011fru hizmeti vermek.<\/p>\n","protected":false},"author":1,"featured_media":0,"parent":81,"menu_order":4,"comment_status":"closed","ping_status":"closed","template":"","meta":{"footnotes":""},"class_list":["post-481","page","type-page","status-publish","hentry"],"_links":{"self":[{"href":"https:\/\/www.armonymobilya.com\/index.php?rest_route=\/wp\/v2\/pages\/481"}],"collection":[{"href":"https:\/\/www.armonymobilya.com\/index.php?rest_route=\/wp\/v2\/pages"}],"about":[{"href":"https:\/\/www.armonymobilya.com\/index.php?rest_route=\/wp\/v2\/types\/page"}],"author":[{"embeddable":true,"href":"https:\/\/www.armonymobilya.com\/index.php?rest_route=\/wp\/v2\/users\/1"}],"replies":[{"embeddable":true,"href":"https:\/\/www.armonymobilya.com\/index.php?rest_route=%2Fwp%2Fv2%2Fcomments&post=481"}],"version-history":[{"count":1,"href":"https:\/\/www.armonymobilya.com\/index.php?rest_route=\/wp\/v2\/pages\/481\/revisions"}],"predecessor-version":[{"id":482,"href":"https:\/\/www.armonymobilya.com\/index.php?rest_route=\/wp\/v2\/pages\/481\/revisions\/482"}],"up":[{"embeddable":true,"href":"https:\/\/www.armonymobilya.com\/index.php?rest_route=\/wp\/v2\/pages\/81"}],"wp:attachment":[{"href":"https:\/\/www.armonymobilya.com\/index.php?rest_route=%2Fwp%2Fv2%2Fmedia&parent=481"}],"curies":[{"name":"wp","href":"https:\/\/api.w.org\/{rel}","templated":true}]}}