{"id":475,"date":"2015-03-19T09:16:31","date_gmt":"2015-03-19T09:16:31","guid":{"rendered":"http:\/\/www.armonymobilya.com\/?page_id=475"},"modified":"2015-03-19T09:19:36","modified_gmt":"2015-03-19T09:19:36","slug":"neden-armony","status":"publish","type":"page","link":"https:\/\/www.armonymobilya.com\/?page_id=475","title":{"rendered":"Neden Armony?"},"content":{"rendered":"<p><em>Standart kal\u0131plarla de\u011fil proje kapsam\u0131nda \u00e7al\u0131\u015f\u0131yoruz. Teknik detay \u00e7izimlerimizle \u00fcretim hatalar\u0131n\u0131 minimize edip dayan\u0131kl\u0131 mobilyalar \u00fcretiyoruz. Malzeme se\u00e7iminde y\u00fcksek maliyet endi\u015fesi ta\u015f\u0131madan do\u011fru \u00fcr\u00fcnleri tercih ediyoruz. Kalitemizi art\u0131rmak ad\u0131na standart aksesuarlar yerine, yat\u0131r\u0131m yaparak kendimize \u00f6zel \u00fcretimler yapt\u0131r\u0131yoruz. Beklentilerinize en iyi \u015fekilde cevap verebilmek i\u00e7in kendimizi s\u00fcrekli yeniliyoruz. \u00dc\u00e7 boyutlu g\u00f6rsellerle sizlere mekan\u0131n\u0131z\u0131 \u00f6nceden g\u00f6rme f\u0131rsat\u0131 veriyoruz. Standart tasar\u0131mlar\u0131n d\u0131\u015f\u0131nda,size \u00f6zel,diledi\u011finiz renk ve \u00f6l\u00e7\u00fclerde, ihtiya\u00e7lar\u0131n\u0131za y\u00f6nelik \u00fcr\u00fcnlerinizi hayata ge\u00e7iriyoruz.<\/em><\/p>\n","protected":false},"excerpt":{"rendered":"<p>Standart kal\u0131plarla de\u011fil proje kapsam\u0131nda \u00e7al\u0131\u015f\u0131yoruz. Teknik detay \u00e7izimlerimizle \u00fcretim hatalar\u0131n\u0131 minimize edip dayan\u0131kl\u0131 mobilyalar \u00fcretiyoruz. Malzeme se\u00e7iminde y\u00fcksek maliyet endi\u015fesi ta\u015f\u0131madan do\u011fru \u00fcr\u00fcnleri tercih ediyoruz. Kalitemizi art\u0131rmak ad\u0131na standart aksesuarlar yerine, yat\u0131r\u0131m yaparak kendimize \u00f6zel \u00fcretimler yapt\u0131r\u0131yoruz. Beklentilerinize en iyi \u015fekilde cevap verebilmek i\u00e7in kendimizi s\u00fcrekli yeniliyoruz. \u00dc\u00e7 boyutlu g\u00f6rsellerle sizlere mekan\u0131n\u0131z\u0131 \u00f6nceden g\u00f6rme<br \/>\n\t<a href=\"https:\/\/www.armonymobilya.com\/?page_id=475\" class=\"go_more\"><span><i><\/i>read more<\/span><\/a><\/p>\n","protected":false},"author":1,"featured_media":0,"parent":81,"menu_order":1,"comment_status":"closed","ping_status":"open","template":"","meta":{"footnotes":""},"class_list":["post-475","page","type-page","status-publish","hentry"],"_links":{"self":[{"href":"https:\/\/www.armonymobilya.com\/index.php?rest_route=\/wp\/v2\/pages\/475"}],"collection":[{"href":"https:\/\/www.armonymobilya.com\/index.php?rest_route=\/wp\/v2\/pages"}],"about":[{"href":"https:\/\/www.armonymobilya.com\/index.php?rest_route=\/wp\/v2\/types\/page"}],"author":[{"embeddable":true,"href":"https:\/\/www.armonymobilya.com\/index.php?rest_route=\/wp\/v2\/users\/1"}],"replies":[{"embeddable":true,"href":"https:\/\/www.armonymobilya.com\/index.php?rest_route=%2Fwp%2Fv2%2Fcomments&post=475"}],"version-history":[{"count":1,"href":"https:\/\/www.armonymobilya.com\/index.php?rest_route=\/wp\/v2\/pages\/475\/revisions"}],"predecessor-version":[{"id":476,"href":"https:\/\/www.armonymobilya.com\/index.php?rest_route=\/wp\/v2\/pages\/475\/revisions\/476"}],"up":[{"embeddable":true,"href":"https:\/\/www.armonymobilya.com\/index.php?rest_route=\/wp\/v2\/pages\/81"}],"wp:attachment":[{"href":"https:\/\/www.armonymobilya.com\/index.php?rest_route=%2Fwp%2Fv2%2Fmedia&parent=475"}],"curies":[{"name":"wp","href":"https:\/\/api.w.org\/{rel}","templated":true}]}}